- 5*a. Let k be l(a). Suppose -2*r + 4*m + 109 = 3*r, -3*r = 3*m - k. What is the tens digit of r?
2
Suppose z = x - 6499, -z + 27 = 23. What is the hundreds digit of x?
5
Let c be (-4)/(12/(-33)) - (-1 - -6). Suppose -2*k = -n - c - 2, -3*k = -5*n + 2. What is the units digit of k?
6
Let v(h) be the first derivative of 157*h**3/3 + 2*h**2 - 3*h + 55. Suppose -z = -5*z + 4. What is the hundreds digit of v(z)?
1
Let s(z) = -5*z - 3. Let r be s(4). Suppose -2*j + 4*u + 380 = 8*u, 5*j + 5*u = 975. Let l = r + j. What is the tens digit of l?
7
Suppose 0 = -10*f + 3*f. Suppose -3*s + 7*y + 1893 = 12*y, -2*s - 3*y + 1263 = f. What is the hundreds digit of s?
6
Suppose 0 = 8*m - 27 - 5. What is the tens digit of m*(-113)/(-12)*12?
5
Let a(j) be the second derivative of 4*j**4/3 + j**3/3 + 2*j**2 - 3*j + 7. Suppose 0 = 4*p - 6*p + 6. What is the hundreds digit of a(p)?
1
What is the tens digit of 7201/38*(4/(-12))/(1/(-426))?
0
Suppose -3*s = 2*s - 150. Suppose -s = k - 6*k. What is the units digit of (15/6)/((-11)/k - -2)?
5
Let h(a) = -a**3 - 22*a**2 - 26*a - 22. Suppose -5*f + u + 352 - 132 = 0, -210 = -5*f + 3*u. Suppose -f*v + 50*v = -105. What is the tens digit of h(v)?
8
Let i be (-6)/45 + (-19007)/(-15). Suppose 12*n - i = 2585. What is the tens digit of n?
2
Let h = -20312 + 39471. What is the hundreds digit of h?
1
Let v(j) = -j**3 + 17*j**2 - 23*j + 47. Let t be v(13). Let f = t - 258. What is the hundreds digit of f?
1
Let b = -46951 - -81092. What is the units digit of b?
1
Let q(p) = 13*p**3 - 2*p**2 + 4*p - 3. Let v be q(1). Suppose -2*c = -5*c + v. Suppose c*r + 48 = 8*r. What is the tens digit of r?
1
Let l(v) = -v**3 + 29*v**2 + 32*v + 20. Let n be l(29). Let c = 10 + n. What is the tens digit of c?
5
Let z(c) = c**3 + c**2 - 21*c - 1. Let m be z(-5). Suppose 2*d - 742 = -m*w - 78, -2*d = w - 679. What is the units digit of d?
2
Let f be 4*2/(-4)*-2. Suppose -4*d - 3*o + 3 = 0, -3 - 6 = d + f*o. Suppose q - 635 = -d*p, 3*p + 4*q - 201 = 431. What is the units digit of p?
2
What is the thousands digit of (-256520)/(-24) + (4/6 - 0) + 6?
0
Let p = 53 - 37. Let k be 91 + p + (2 - -1). Suppose -y + 102 = 2*g + 2*y, 0 = 2*g + y - k. What is the units digit of g?
7
Let l(m) = -m**3 - 14*m**2 + 93*m - 433. What is the tens digit of l(-29)?
8
Let l(g) = -g**3 + 5*g**2 - 4*g - 5. Let p = 7 + -3. Let b be l(p). What is the units digit of -22*b/20*14?
7
What is the hundreds digit of (4/(-30) + (-1232952)/(-315))/(50/75)?
8
Let q = 31161 + -11126. What is the ten thousands digit of q?
2
Let t(p) = -6*p**2 - 10*p + 74. Let n be 8*((-22)/12 + 2)*-6. Let f(w) = 2*w**2 + 3*w - 25. Let l(u) = n*f(u) - 3*t(u). What is the tens digit of l(-6)?
1
Suppose 3*u - 5*k = -34, 9 - 13 = u + 2*k. Let v(f) be the third derivative of -2*f**4/3 - 22*f**3/3 + 2*f**2. What is the units digit of v(u)?
4
Let b = 469 - 449. What is the units digit of 30/b*328/6?
2
Let k = -81537 - -157055. What is the tens digit of k?
1
Suppose -812 = -i + 202. Let c = i + -653. What is the hundreds digit of c?
3
Let n be 40/2*(-22)/(-8). Let b = -51 + n. Suppose -l = -3*l + 3*i + 244, -2*i = -b*l + 472. What is the tens digit of l?
1
What is the tens digit of -29 - -21264 - (18 + 0)?
1
Let l(k) = 8*k**3 - k**2 - 3*k + 3. Let g be l(1). Suppose -25*b - g*b = -11168. What is the tens digit of b?
4
What is the tens digit of (12 - (0 - 0))/(21/9828)?
1
Let u be (-28)/14 + 286/2. What is the tens digit of u*((-8)/6)/(1 - 5)?
4
Let k(f) = -21*f - 3. Let c(o) be the first derivative of -105*o**2/2 - 14*o + 4. Let b(j) = -4*c(j) + 21*k(j). What is the tens digit of b(-4)?
7
Let k be (-11)/9 + 32/144. Let g be k - -3*(-20)/3. What is the tens digit of 1/(-2)*(-55 + g)?
3
Let f be (-1668)/(-33) + (-12)/(-88)*-4. Let q(i) = -i**2 + 69*i - 2. What is the units digit of q(f)?
8
Suppose -13838 = -2*g + 1648*m - 1653*m, g - 6925 = -m. What is the units digit of g?
9
Suppose 178*m - 874728 = 38*m + 2612952. What is the units digit of m?
2
Let v = 111 - 19. Let c = 14 - v. Let h = c + 152. What is the units digit of h?
4
Let u = 29612 - 20659. What is the tens digit of u?
5
Let w = 2750 + 14266. What is the units digit of w?
6
Let s be ((-108)/(-10))/(4*(-3)/(-360)). Let r = s + -137. What is the tens digit of r?
8
Let m = 38030 - 7760. What is the thousands digit of m?
0
Suppose 16 = 72*m - 68*m. What is the tens digit of ((-2)/m)/((-5)/610)?
6
Let x = 17 - 37. Let k be (x/(-8))/5 - 2/4. Suppose k = 3*m - 6*m + 183. What is the tens digit of m?
6
Let w be -12 + 3*(0 - -1). Let b = -5 - w. Suppose 0*l - 45 = -2*m - l, m - 36 = b*l. What is the units digit of m?
4
What is the thousands digit of 4220 - 35 - ((-12)/(-10) + 1/(-5))?
4
Let z be (0 - -2)*(237 + 0/1). Suppose -f = 4*f - 5*j - 1215, -4*j = 2*f - z. What is the hundreds digit of f?
2
Let i = 185 - 182. Suppose -3*h + 1305 = -3*b, -5*h + 634 + 1565 = i*b. What is the units digit of h?
8
Let w(n) = -n**3 + 15*n**2 - 10*n + 45. Let u(h) = -17*h - 27. Let l be u(-2). What is the hundreds digit of w(l)?
3
Let m(p) = 64*p - 8. Let y(n) be the third derivative of -193*n**4/24 + 4*n**3 - 39*n**2. Let f(o) = 8*m(o) + 3*y(o). What is the tens digit of f(-3)?
0
Let m(t) = -7*t + 12. Let u be m(-2). Let j(y) = 21*y + 167. What is the tens digit of j(u)?
1
Let f = -858 + 1908. What is the units digit of f/(28/4) + -3?
7
Let n = 322 - 324. What is the units digit of (-317)/n*(-2 + 4)?
7
Let i = -11333 + 23092. What is the tens digit of i?
5
Let i = 116 + -114. Suppose -2*b - i*n + 711 = 127, 0 = -4*b - 5*n + 1164. What is the hundreds digit of b?
2
Let q(g) = 1 - 2*g + 126 - 31*g - 4*g. What is the tens digit of q(-31)?
7
What is the ten thousands digit of 1/(4/(-332502))*(-778)/1167?
5
Let d(f) = f**3 + 8*f**2 - 8*f + 12. Let p be d(-9). Suppose 44 = p*i - 16. Suppose -49*x = -44*x - i. What is the units digit of x?
4
Let p be 500550/125 - (0 - (-6)/(-10)). Suppose 318*k = 321*k - p. What is the hundreds digit of k?
3
Suppose 6*z = -4*l + 2*z + 396, 199 = 2*l + z. Suppose -608 - l = -u. Suppose -5*v + b + u = 0, -4*v = 4*b + b - 549. What is the hundreds digit of v?
1
Let f = 12627 - 6191. What is the thousands digit of f?
6
Let n(k) be the second derivative of 19*k**4/12 - 5*k**2/2 + 30*k. Let j be n(-5). Let h = j + -252. What is the hundreds digit of h?
2
Let i(n) = -12*n**2 - 21*n - 85. Let j(c) = 13*c**2 + 19*c + 85. Let o(s) = 3*i(s) + 4*j(s). What is the tens digit of o(-6)?
8
Let t(d) be the third derivative of d**5/60 - 19*d**4/24 - 5*d**3/6 + 2*d**2 - 85. What is the units digit of t(-4)?
7
Let z = 30 + -83. Let t be 6/(-2) + 3 - 99. Let d = z - t. What is the units digit of d?
6
Let p(i) = -i - 10. Let l be p(-8). Let x be -5 + 5 - 8/l. Suppose 4*u - 466 = 3*w, -2*u - x*w = 3*u - 598. What is the units digit of u?
8
Let a(u) be the third derivative of -u**6/120 - 7*u**5/60 + 3*u**4/8 - 5*u**3/3 + 21*u**2. Let d be a(-7). Let f = 155 + d. What is the tens digit of f?
8
Let i = 14641 + 14205. What is the ten thousands digit of i?
2
Let s = 8612 - 2080. What is the units digit of s?
2
Suppose 3*f + 1 = -q + 16, -15 = 2*q - 3*f. Suppose 2*t + t + 192 = q. Let i = t - -101. What is the tens digit of i?
3
Suppose 0*j - 2475 = -j. Suppose 2*o + j = 3*y - 444, o + 2916 = 3*y. What is the units digit of y?
1
Let h be 2/(-10) - (-8)/(-10) - -1. Suppose h = -192*y + 197*y - 1690. What is the tens digit of y?
3
Suppose 235*a - 2146536 = 190*a - 458496. What is the tens digit of a?
1
What is the units digit of (-212)/(-3 - (-1780)/596)?
4
Let r = -26 - -29. Suppose 0 = -3*l + 3*t + 30, 0 = 3*l - 2*t - r*t - 38. Suppose -n + l*n - 835 = 0. What is the units digit of n?
7
What is the units digit of -14 - 1939/(-8 + 7)?
5
Suppose 3*w - t = 29, t = -w + 10 + 1. Suppose 314 = -w*a + 984. What is the tens digit of a?
6
Suppose k = 6*k - 4*f - 7, k + 3*f - 9 = 0. Suppose -2*a = -3*x - 5196, -k*x = -2*x - 4. Suppose 0*j + 14*j = a. What is the tens digit of j?
8
Suppose 3*z + 2*g - 178 - 4 = 0, 0 = -5*z + 3*g + 297. Suppose y = m + 185, y = -4*m + 265 - z. What is the units digit of y?
9
Let b = -6756 + 24782. What is the units digit of b?
6
Let r be (5/(15/3))/1. Let d(v) = 6*v + 38. Let k be d(-6). Suppose -5*i + r + 4 = 0, k*x + i = 25. What is the tens digi